(-3). Calculate the highest common factor of b and 10.
10
Let i = -12 - -22. Let a = 535 - 532. Calculate the highest common divisor of a and i.
1
Let g be 23/(1771/(-286))*-1295. Calculate the greatest common factor of g and 65.
65
Let o = 146 + -144. Suppose v + 4*v - 220 = -5*b, -220 = -5*b - o*v. What is the greatest common factor of b and 33?
11
Let m = 65983 + -65848. Let q = 81 - 51. Suppose -h = h - q. What is the highest common divisor of m and h?
15
Suppose -12*v + 4161 = 33*v + 1281. Calculate the greatest common divisor of 1504 and v.
32
Suppose -671 - 1345 = -56*r. Let d = -67 - -127. What is the greatest common divisor of d and r?
12
Suppose 5*u - 356 = -186. Calculate the greatest common divisor of u and 221.
17
Suppose 5*z + 2*y = -225, 5*z + 5*y + 22 = 4*z. Let r = z - -58. Let f(h) = -2*h**2 + 23*h + 2. Let x be f(r). Calculate the highest common divisor of x and 65.
13
Suppose -6*s = -2*s - 4*j - 124, 0 = -5*j - 5. Let w be (-18165)/(-692)*4/(1 + 0). What is the greatest common factor of s and w?
15
Let u be 5*(-1)/(-1) - 3. Suppose -4*m + 42 = -5*l - 8, 2*m - 32 = 3*l. Let k be ((-7)/l)/(u/88). Calculate the highest common divisor of 44 and k.
22
Let s = 1 + 10. Suppose 0 = -6*o + s*o - 145. Calculate the greatest common divisor of 319 and o.
29
Suppose -30*r + 24*r + 14*r - 1360 = 0. What is the greatest common factor of r and 2?
2
Suppose 3*u + 15 = 0, 0 = 4*i + 5*u - 3*u - 58. Calculate the highest common factor of i and 221.
17
Let c be 1/((-1)/3*(-51)/34). Let o be 1/6*c + 784/42. Suppose 10*i - 342 = 8*i. Calculate the highest common factor of o and i.
19
Suppose 0 = 3*y - 15 - 6, 3*g = -5*y + 59. What is the highest common factor of g and 20344?
8
Let s = -9765 + 9801. Calculate the highest common divisor of s and 3408.
12
Suppose -93079*j = -93089*j + 370. Calculate the greatest common factor of 2960 and j.
37
Suppose 8*l + 28 = 68. Suppose n = -0*o - o + 5, l*o - 11 = -3*n. Let m be 2/(-7) + 18/14. What is the greatest common divisor of n and m?
1
Let n = 1 + -14. Let p = 39 + n. Suppose 11*j - 466 - 1822 = 0. Calculate the highest common divisor of p and j.
26
Let z(c) = -27*c + 201. Let t be z(6). Calculate the highest common factor of t and 7683.
39
Let s be 38/(-2) + (-55945)/(-67). What is the greatest common factor of s and 16592?
272
Let f = -30712 + 30744. Calculate the highest common factor of f and 218.
2
Let s(w) = 5*w**2 + 10*w - 15. Suppose 0 = 46*t - 52*t - 48. Let q be s(t). Calculate the greatest common divisor of q and 30.
15
Let x(r) = 118*r - 1. Let w be x(1). Let i(m) = -m + 31. Let p be i(13). Calculate the highest common divisor of p and w.
9
Let q be (1 + -2)/(-1) + (-466 - 17). Let p = -322 - q. Calculate the highest common factor of p and 40.
40
Let u(l) = 21*l - 70. Let q be u(7). Calculate the highest common divisor of q and 679.
7
Suppose -4*m = -2*n + 3826, 4*m + 3811 = 3*n + 2*n. Let r be (m - 6)/(-5) - 3. What is the greatest common factor of r and 40?
10
Let z = -11 - -14. Let c be ((-4)/(-6))/(-6 - (-19)/z). Let d be (6/(-33) + (-171)/(-33))*c. Calculate the greatest common divisor of d and 80.
10
Let l be 129/(-3)*(-42 + 40/8). What is the highest common factor of 74 and l?
37
Let z(o) = -106*o**3 - 2*o**2 - 25*o - 25. Let m be z(-1). What is the highest common factor of 232 and m?
8
Let c = -16776 + 16797. Calculate the greatest common divisor of c and 129.
3
Let f(l) = l**2 + 0*l**2 - 12*l - 12*l + 11 - 3*l. Let d be f(27). Calculate the highest common divisor of d and 330.
11
Let k(g) = 39*g + 57. Let h(a) = -39*a - 58. Let l(c) = 2*h(c) + 3*k(c). Let d be l(6). Calculate the greatest common factor of d and 34.
17
Let k be (-1080)/60*(121/(-21) + 3/7). Calculate the greatest common divisor of 114 and k.
6
Suppose -69 = -2*n - n. Let l(f) = 179*f + 23. Let j be l(0). Calculate the greatest common divisor of n and j.
23
Suppose -5*m + 5*b - 2 = -32, 2*b = -5*m + 2. Suppose 3*a + m*j + 2*j = -1083, -12 = -4*j. Let z = -218 - a. Calculate the greatest common divisor of 98 and z.
49
Let i = -55 - -91. Let k(q) = -5 - 52*q - 10 + 7 + 0*q. Let u be k(-2). Calculate the highest common divisor of u and i.
12
Let g be (1 + (-253)/(-69))*(-324)/(-7). Suppose -2*k - 8 = -6*k. Suppose 65 = k*y + 11. Calculate the greatest common factor of y and g.
27
Let c(d) = -2*d**3 - 7*d**2 - 33*d - 87. Let r be c(-3). Calculate the greatest common divisor of r and 621.
3
Let w = 1177 - 1150. Suppose 3*l + l + 12 = -4*d, -5*l = -3*d - 1. Let i be -3*-18*(-4)/d. What is the greatest common divisor of w and i?
27
Suppose 124*c = 42*c + 656. Let l be (304/(-3))/((-1)/3). Calculate the greatest common factor of l and c.
8
Suppose 0 = -6*g + 80 - 200. Let r be 248/(-18) - g/(-90). Let l be (-104)/r - 4/(-7). Calculate the highest common divisor of l and 32.
8
Suppose -23*p = 9765 - 36261. Suppose -27*s + 15*s + p = 0. Calculate the greatest common divisor of s and 2.
2
Let c be -3*(1 + (-26)/6). Let b = -479137 + 479607. Calculate the greatest common divisor of c and b.
10
Let f(z) = -z - 14. Let p be f(-17). Suppose 0 = 3*b + p*m - 84, -3*m + 148 = b + 4*b. What is the greatest common divisor of b and 96?
32
Let h = 65 + -38. Let s = -10 - -26. Let j(n) = -n**2 + 16*n + 3. Let w be j(s). Calculate the greatest common divisor of h and w.
3
Suppose 24*k - 32 = 22*k - 5*m, m = 3*k - 14. What is the greatest common factor of 30 and k?
6
Suppose 27*l = 23*l + 12. Let y be (76/(-16) + l)*(0 + -4). Let j(w) = -w**3 + 2*w**2 + 4*w - 3. Let z be j(-4). Calculate the highest common factor of z and y.
7
Let d be 2/1 - (-9 - -8). Suppose 0 = -2*a + r + 109, 180 = d*a - 5*r + 13. Calculate the greatest common factor of 144 and a.
18
Suppose -22*x - 255 = -73*x. Let w be 55/(-22)*((-7)/5 + -1). Calculate the greatest common factor of x and w.
1
Suppose -4*h + 6*h = 0. Let a be (-40)/(-10) + (-14)/7. Suppose h*k - a*g - 10 = -k, -21 = -3*k - 3*g. Calculate the greatest common divisor of k and 8.
8
Let x(r) = -r**3 - 10*r**2 - 27*r. Let z be x(-8). Suppose 19*b - 16*b - 5*n = 64, z = 5*b + n. Calculate the greatest common factor of b and 36.
18
Let h(b) = 15*b**2 + 170*b - 122. Let y be h(-17). Calculate the greatest common divisor of y and 49.
49
Suppose 0 = 5*w + 2*y - 553, 2*w = -6*y + 7*y + 214. What is the highest common factor of w and 10791?
109
Suppose -4*s + 141 + 51 = 0. Let r be (0 - 6/(-2))*(-42 + 66). Calculate the highest common divisor of r and s.
24
Let s be 0 + 6/(120/1145) + (-85)/68. What is the greatest common factor of s and 1442?
14
Let z = 210 + -298. Let y be (-6)/(-99)*-3 - 1248/z. What is the highest common factor of y and 21?
7
Suppose 506 = -d + 157. Let p = 356 + d. Suppose -4*m + 3*m = 5*j - 97, 0 = -m - 3*j + 89. Calculate the highest common factor of m and p.
7
Let h(q) = -q**2 + 9*q + 14. Let a be h(11). Let f be 7824/(-21) + a/(-14). Let g be (-4)/12 - (2 + f/9). Calculate the highest common factor of 13 and g.
13
Suppose -2 = 4*m - 30. Let v be ((6 - 7) + 0)/(2/158). Let x = 93 + v. What is the greatest common divisor of m and x?
7
Suppose 4*z = 0, 6 = d + 3*z + 1. Suppose -4*x + 21 = 4*a + d, 5*a + 30 = 5*x. Let s be 56/((-16)/2) - -32*1. What is the greatest common divisor of x and s?
5
Suppose 3 = -3*y + y - 3*b, -25 = -5*y - b. Suppose 11*d = y*d - 350. Let w be (48/(-21) + 4)*d/(-4). What is the highest common factor of w and 6?
6
Let t(g) = -10*g - 66. Let d be t(-15). Suppose d*n - 180 = 72*n. What is the greatest common divisor of n and 1?
1
Let d = -12243 - -12259. Calculate the highest common factor of 42 and d.
2
Let i be -13*45/(0 - 15). Let w = 19 + 46. What is the greatest common divisor of w and i?
13
Suppose -c = -2*g, 2*c = g + 4 + 8. Let j be 4/(7/(-2)*c/(-42)). Calculate the highest common factor of 6 and j.
6
Let x = -32090 + 32294. What is the greatest common factor of x and 4964?
68
Let j = -39829 - -55101. Calculate the highest common factor of j and 552.
184
Suppose -16*u + 109 = 13. Suppose m - 280 = -3*m. Suppose -k - m = -u*k. What is the highest common factor of k and 4?
2
Suppose 74*u - 76*u + 14 = 0. Suppose -u*w - 1892 = -11*w. Calculate the greatest common factor of 43 and w.
43
Suppose 70*s - 72*s + 4*c = -16, 5*c = s - 14. Suppose -2*a - 126 = -s*a - 